 -377801?
377797
In base 9, what is -71181 - 1?
-71182
In base 7, what is 31215 + -513?
30402
In base 15, what is -18a + 51d?
383
In base 3, what is -101 - 10211201?
-10212002
In base 3, what is -1001001021 + -100?
-1001001121
In base 7, what is -2 + 13345?
13343
In base 14, what is 24697 - 1?
24696
In base 10, what is 6633 - -7?
6640
In base 3, what is 20201012 - 2101?
20121211
In base 4, what is -3031333201 - 10?
-3031333211
In base 5, what is 1241044 - -30?
1241124
In base 4, what is 31 - -1312101322?
1312102013
In base 13, what is 0 + 164c7?
164c7
In base 12, what is 69a408 + -3?
69a405
In base 5, what is -2 - -2210403?
2210401
In base 6, what is -103415 - 3?
-103422
In base 7, what is -4336 + -2?
-4341
In base 13, what is -ac + 15c4?
1515
In base 10, what is 91062 - 0?
91062
In base 3, what is -112 - 20221211?
-20222100
In base 2, what is -110011 - -110000101010?
101111110111
In base 11, what is -108843 + -1?
-108844
In base 11, what is -11338 - 13?
-11350
In base 14, what is 4679 - -23?
469c
In base 11, what is 3 + 179a6?
179a9
In base 7, what is 10216 + 1531?
12050
In base 2, what is 0 - -101111001011110010?
101111001011110010
In base 5, what is 12212 + -23?
12134
In base 6, what is 12220 + 3133?
15353
In base 13, what is -2ac8 + 26?
-2aa2
In base 15, what is 1043 - -1b?
105e
In base 3, what is 0 - 1112020222?
-1112020222
In base 5, what is 320 - -122?
442
In base 15, what is -be39 - 1?
-be3a
In base 11, what is -8766 - -21?
-8745
In base 8, what is 214715 + -4?
214711
In base 11, what is -110a4 - 9?
-11102
In base 15, what is 13b + -3?
138
In base 10, what is 858 + -106?
752
In base 15, what is 23 - 1e378?
-1e355
In base 12, what is -4475b18 - 5?
-4475b21
In base 9, what is -5 + -50?
-55
In base 15, what is 53e + -65?
4c9
In base 7, what is 255303 + -1?
255302
In base 9, what is 2 - -61136?
61138
In base 14, what is a518 + -5?
a513
In base 9, what is -2 - -16450?
16447
In base 10, what is -33019 + -3?
-33022
In base 12, what is 89821 + 4?
89825
In base 7, what is -5 + 6213?
6205
In base 13, what is 446898 - -5?
4468a0
In base 6, what is -1011 - -250?
-321
In base 8, what is 241 + 3602?
4043
In base 11, what is 160148 - -5?
160152
In base 10, what is 15 - 19654?
-19639
In base 4, what is 1123 + 123210?
130333
In base 7, what is -5063 + -50?
-5143
In base 7, what is 405 - 2664?
-2256
In base 6, what is -311 + 123104?
122353
In base 7, what is 1541 - 132?
1406
In base 13, what is 2a59a + 5?
2a5a2
In base 13, what is 1 - ac4?
-ac3
In base 3, what is 2211200220 - 1011?
2211122202
In base 6, what is -54504 - 2?
-54510
In base 7, what is -12666 + 2?
-12664
In base 11, what is -6 + -44223?
-44229
In base 4, what is 132 + 100300?
101032
In base 5, what is 303004 - 10?
302444
In base 4, what is 0 - -12203020?
12203020
In base 9, what is -1 + -1672712?
-1672713
In base 16, what is b873 - -4?
b877
In base 10, what is -16 - 6526?
-6542
In base 7, what is -11 + 24440?
24426
In base 3, what is -2020 - 122010222?
-122020012
In base 7, what is -5261530 - 2?
-5261532
In base 13, what is 244 + -2c6?
-82
In base 11, what is -4a - 1a03?
-1a52
In base 13, what is -383848 + 0?
-383848
In base 5, what is 112 - -22240?
22402
In base 15, what is 3 + -a230?
-a22c
In base 15, what is -63d - -824?
1d6
In base 10, what is -21044 + 76?
-20968
In base 16, what is 15b - 2?
159
In base 8, what is 3 + 630667?
630672
In base 12, what is 488 - 2556?
-208a
In base 11, what is 4 + -a3228?
-a3224
In base 15, what is 4bc7b - 8?
4bc73
In base 12, what is -81813 - 1?
-81814
In base 2, what is 101011101101 - 10?
101011101011
In base 16, what is -52 + -3ed?
-43f
In base 13, what is 6 + 40480?
40486
In base 9, what is 371004 - 1?
371003
In base 14, what is -33 + 4c?
19
In base 8, what is -170526 - 5?
-170533
In base 10, what is 3 - 27810?
-27807
In base 3, what is 11011 - 20102210?
-20021122
In base 6, what is 110 - -105014?
105124
In base 7, what is -101424 + -50?
-101504
In base 9, what is -364 + -1188?
-1563
In base 3, what is 21 + 100102011120?
100102011211
In base 9, what is 36032 + -4?
36027
In base 15, what is -b78 - 172?
-cea
In base 5, what is 343133 + -3?
343130
In base 11, what is -27550 + -23?
-27573
In base 3, what is 1210200 + 1012020?
2222220
In base 12, what is -942455 - -5?
-942450
In base 7, what is 21156 + -4?
21152
In base 16, what is 1fefd - 2?
1fefb
In base 6, what is -25 - -2351?
2322
In base 3, what is 2122200022 - 2?
2122200020
In base 16, what is -6eb9 + 0?
-6eb9
In base 16, what is -84ca + 2?
-84c8
In base 4, what is 230 - 13221102?
-13220212
In base 4, what is 110101112 - -3?
110101121
In base 6, what is -50102 + 3?
-50055
In base 11, what is 46 + -830?
-795
In base 10, what is 69759 - 5?
69754
In base 15, what is -dd8 - -6?
-dd2
In base 14, what is 17d + 50?
1cd
In base 11, what is 1834 - 72a?
1105
In base 6, what is -10343 - -23?
-10320
In base 4, what is -13120000 + 123?
-13113211
In base 12, what is 4 - -15bb?
1603
In base 2, what is 1001010110000000100 - 11?
1001010110000000001
In base 10, what is -1246 + 73?
-1173
In base 6, what is 130351 - -15?
130410
In base 5, what is -11134 + 43134?
32000
In base 11, what is -5 - -530aa7?
530aa2
In base 11, what is -84 - 964?
-a38
In base 12, what is 59970 - -3?
59973
In base 6, what is -3 + -145325?
-145332
In base 3, what is -100100 - 1001122101?
-1001222201
In base 9, what is -24860 + -18?
-24878
In base 3, what is -220021 - 2012?
-222110
In base 3, what is -10 + -12021212?
-12021222
In base 2, what is 100011 + -1000101011?
-1000001000
In base 13, what is 4 + -220c9?
-220c5
In base 10, what is 380 + 543?
923
In base 10, what is -14 - -676?
662
In base 13, what is 2 + 14c00?
14c02
In base 15, what is 668 - 70c?
-94
In base 15, what is 5 - -1394?
1399
In base 9, what is -3 + 5703?
5700
In base 4, what is -2 + -121122232?
-121122300
In base 7, what is -1145 - -2350?
1202
In base 11, what is -5 + -43aaa7?
-440001
In base 7, what is -135 - 15204?
-15342
In base 6, what is -113331 + 2553?
-110334
In base 10, what is 2 + -24280?
-24278
In base 3, what is 1101 - 110212202?
-110211101
In base 3, what is -100120 - -101000021?
100122201
In base 11, what is -911 - 76?
-987
In base 3, what is -20 + -10210101?
-10210121
In base 2, what is -100 - 1010100101101100101?
-1010100101101101001
In base 2, what is -100 + -1101001100110?
-1101001101010
In base 13, what is -1 + -48409?
-4840a
In base 9, what is 72600 - 0?
72600
In base 14, what is -3ad - 3?
-3b2
In base 5, what is -3 + 3332213?
3332210
In base 2, what is -11100 + 1011110100101?
1011110001001
In base 8, what is -1163 + -56?
-1241
In base 16, what is 3713ec - 2?
3713ea
In base 15, what is -515ced + -4?
-515d02
In base 13, what is 8 + -b19?
-b11
In base 12, what is -1 + -11ba7?
-11ba8
In base 13, what is -95170 + 5?
-95168
In base 14, what is -40db + 2?
-40d9
In base 13, what is -56b - -4?
-567
In base 11, what is 837 + 10?
847
In base 2, what is 101110111 - -100110101110?
101100100101
In base 6, what is 1002 + 54?
1100
In base 9, what is 15 + 3411?
3426
In base 3, what is -2221220 + 10002?
-2211211
In base 11, what is 1a1045 - -2?
1a1047
In base 10, what is -599 + 39?
-560
In base 5, what is 1433422 - 0?
1433422
In base 4, what is -1330 + 3331033?
3323103
In base 12, what is -886 - 2a?
-8b4
In base 5, what is -4 - -31040331?
31040322
In base 10, what is 2 + 18248?
18250
In base 13, what is 201 - 1a3?
2b
In base 4, what is -2 - -1201320?
1201312
In base 2, what is -10 + 1111111111011111011?
1111111111011111001
In base 7, what is 13 - -621426?
621442
In base 2, what is -101101001011 + 10001?
-101100111010
In base 7, what is -103 + -54325?
-54431
In base 16, what is 31 - 1606?
-15d5
In base 6, what is -3 - -5311?
5304
In base 14, what is 95d - -12d?
a8c
In base 2, what is -1010 - -11100111010011100?
11100111010010010
In base 13, what is -20c9b - 3?
-20ca1
In base 7, what is -46655 - -4?
-46651
In base 8, what is 237 - -2216?
2455
In base 16, what is -5 + -1e90?
-1e95
In base 2, what is -1000100 + 11001101?
10001001
In base 12, what is -14 - -2b181?
2b169
In base 16, what is 4c + -c6?
-7a
In base 7, what is 5046042 - 0?
5046042
In base 7, what is 2 + -213265?
-213263
In base 14, what is 4 + -9c98a?
-9c986
In base 7, what is 116 + -4244?
-4125
In base 13, what is 4 